{"id":9,"date":"2024-08-12T11:07:33","date_gmt":"2024-08-12T11:07:33","guid":{"rendered":"https:\/\/wypozyczalnie-samochodow-katowice.pl\/?page_id=9"},"modified":"2024-09-05T21:37:03","modified_gmt":"2024-09-05T21:37:03","slug":"wypozyczalnie-samochodow-lodz-ranking-top-10","status":"publish","type":"page","link":"https:\/\/wypozyczalnie-samochodow-katowice.pl\/","title":{"rendered":"Wypo\u017cyczalnie samochod\u00f3w Katowice \u2013 ranking TOP 10"},"content":{"rendered":"\n<p><strong>Wypo\u017cyczalnie samochod\u00f3w (Katowice)<\/strong> to idealne rozwi\u0105zanie dla os\u00f3b potrzebuj\u0105cych samochodu na wynajem w stolicy G\u00f3rnego \u015al\u0105ska. Katowice, jako jeden z g\u0142\u00f3wnych o\u015brodk\u00f3w biznesowych i turystycznych w Polsce, oferuj\u0105 szeroki wyb\u00f3r wypo\u017cyczalni samochod\u00f3w, kt\u00f3re spe\u0142niaj\u0105 wymagania zar\u00f3wno lokalnych mieszka\u0144c\u00f3w, jak i przyjezdnych. Poni\u017cej prezentujemy ranking TOP 10 wypo\u017cyczalni samochod\u00f3w Katowice, w kt\u00f3rym uwzgl\u0119dnili\u015bmy najlepsze firmy oferuj\u0105ce korzystne warunki wynajmu i wysok\u0105 jako\u015b\u0107 obs\u0142ugi.<\/p>\n\n\n\n<p><\/p>\n\n\n\n<figure data-wp-context=\"{&quot;uploadedSrc&quot;:&quot;https:\\\/\\\/wypozyczalnie-samochodow-katowice.pl\\\/wp-content\\\/uploads\\\/2024\\\/09\\\/bilderboken-N0j15W4z0_M-unsplash.jpg&quot;,&quot;figureClassNames&quot;:&quot;wp-block-image size-large&quot;,&quot;figureStyles&quot;:null,&quot;imgClassNames&quot;:&quot;wp-image-12&quot;,&quot;imgStyles&quot;:null,&quot;targetWidth&quot;:1920,&quot;targetHeight&quot;:1280,&quot;scaleAttr&quot;:false,&quot;ariaLabel&quot;:&quot;Powi\\u0119ksz obrazek: Wypo\\u017cyczalnie samochod\\u00f3w Katowice&quot;,&quot;alt&quot;:&quot;Wypo\\u017cyczalnie samochod\\u00f3w Katowice&quot;}\" data-wp-interactive=\"core\/image\" class=\"wp-block-image size-large wp-lightbox-container\"><img loading=\"lazy\" decoding=\"async\" width=\"1024\" height=\"683\" data-wp-init=\"callbacks.setButtonStyles\" data-wp-on-async--click=\"actions.showLightbox\" data-wp-on-async--load=\"callbacks.setButtonStyles\" data-wp-on-async-window--resize=\"callbacks.setButtonStyles\" src=\"http:\/\/wypozyczalnie-samochodow-katowice.pl\/wp-content\/uploads\/2024\/09\/bilderboken-N0j15W4z0_M-unsplash-1024x683.jpg\" alt=\"Wypo\u017cyczalnie samochod\u00f3w Katowice\" class=\"wp-image-12\" srcset=\"https:\/\/wypozyczalnie-samochodow-katowice.pl\/wp-content\/uploads\/2024\/09\/bilderboken-N0j15W4z0_M-unsplash-1024x683.jpg 1024w, https:\/\/wypozyczalnie-samochodow-katowice.pl\/wp-content\/uploads\/2024\/09\/bilderboken-N0j15W4z0_M-unsplash-300x200.jpg 300w, https:\/\/wypozyczalnie-samochodow-katowice.pl\/wp-content\/uploads\/2024\/09\/bilderboken-N0j15W4z0_M-unsplash-768x512.jpg 768w, https:\/\/wypozyczalnie-samochodow-katowice.pl\/wp-content\/uploads\/2024\/09\/bilderboken-N0j15W4z0_M-unsplash-1536x1024.jpg 1536w, https:\/\/wypozyczalnie-samochodow-katowice.pl\/wp-content\/uploads\/2024\/09\/bilderboken-N0j15W4z0_M-unsplash.jpg 1920w\" sizes=\"(max-width: 1024px) 100vw, 1024px\" \/><button\n\t\t\tclass=\"lightbox-trigger\"\n\t\t\ttype=\"button\"\n\t\t\taria-haspopup=\"dialog\"\n\t\t\taria-label=\"Powi\u0119ksz obrazek: Wypo\u017cyczalnie samochod\u00f3w Katowice\"\n\t\t\tdata-wp-init=\"callbacks.initTriggerButton\"\n\t\t\tdata-wp-on-async--click=\"actions.showLightbox\"\n\t\t\tdata-wp-style--right=\"context.imageButtonRight\"\n\t\t\tdata-wp-style--top=\"context.imageButtonTop\"\n\t\t>\n\t\t\t<svg xmlns=\"http:\/\/www.w3.org\/2000\/svg\" width=\"12\" height=\"12\" fill=\"none\" viewBox=\"0 0 12 12\">\n\t\t\t\t<path fill=\"#fff\" d=\"M2 0a2 2 0 0 0-2 2v2h1.5V2a.5.5 0 0 1 .5-.5h2V0H2Zm2 10.5H2a.5.5 0 0 1-.5-.5V8H0v2a2 2 0 0 0 2 2h2v-1.5ZM8 12v-1.5h2a.5.5 0 0 0 .5-.5V8H12v2a2 2 0 0 1-2 2H8Zm2-12a2 2 0 0 1 2 2v2h-1.5V2a.5.5 0 0 0-.5-.5H8V0h2Z\" \/>\n\t\t\t<\/svg>\n\t\t<\/button><\/figure>\n\n\n\n<p><\/p>\n\n\n\n<h2 class=\"wp-block-heading\"><strong>Wypo\u017cyczalnie samochod\u00f3w Katowice TOP 1 &#8211; BEEP.rent<\/strong><\/h2>\n\n\n\n<p>BEEP.rent zajmuje pierwsze miejsce w rankingu wypo\u017cyczalni samochod\u00f3w w Katowicach dzi\u0119ki swojej elastyczno\u015bci oraz szerokiej gamie pojazd\u00f3w. Firma oferuje zar\u00f3wno kompaktowe auta miejskie, jak i luksusowe modele premium, kt\u00f3re mo\u017cna wynaj\u0105\u0107 na kr\u00f3tki lub d\u0142ugi okres. BEEP.rent wyr\u00f3\u017cnia si\u0119 prost\u0105 rezerwacj\u0105 online, przejrzyst\u0105 ofert\u0105 bez ukrytych koszt\u00f3w oraz mo\u017cliwo\u015bci\u0105 odbioru pojazdu w dogodnych lokalizacjach w ca\u0142ym mie\u015bcie, w tym na lotnisku Katowice-Pyrzowice.<\/p>\n\n\n\n<p><strong>Dlaczego BEEP.rent?<\/strong><\/p>\n\n\n\n<ul class=\"wp-block-list\">\n<li>Brak ukrytych koszt\u00f3w<\/li>\n\n\n\n<li>Szeroka flota pojazd\u00f3w<\/li>\n\n\n\n<li>Elastyczne warunki wynajmu (na dni, tygodnie, a nawet miesi\u0105ce)<\/li>\n\n\n\n<li>Wygodny proces rezerwacji online<\/li>\n<\/ul>\n\n\n\n<h3 class=\"wp-block-heading\"><strong>TOP 2 &#8211; Panek Car Rental<\/strong><\/h3>\n\n\n\n<p>Panek Car Rental to jedna z najcz\u0119\u015bciej wybieranych wypo\u017cyczalni samochod\u00f3w w Katowicach. Firma oferuje szeroki wyb\u00f3r aut \u2013 od ma\u0142ych, ekonomicznych modeli po wi\u0119ksze SUV-y. Klienci doceniaj\u0105 mo\u017cliwo\u015b\u0107 odbioru samochodu w strategicznych punktach, takich jak centrum miasta oraz lotnisko. Panek Car Rental oferuje tak\u017ce wynajem kr\u00f3tko- i d\u0142ugoterminowy, co czyni j\u0105 popularnym wyborem w\u015br\u00f3d turyst\u00f3w i mieszka\u0144c\u00f3w.<\/p>\n\n\n\n<p><strong>Zalety Panek Car Rental:<\/strong><\/p>\n\n\n\n<ul class=\"wp-block-list\">\n<li>Bogata flota pojazd\u00f3w<\/li>\n\n\n\n<li>Punkty odbioru w centrum i na lotnisku<\/li>\n\n\n\n<li>Mo\u017cliwo\u015b\u0107 wynajmu na kr\u00f3tki i d\u0142ugi okres<\/li>\n<\/ul>\n\n\n\n<h3 class=\"wp-block-heading\"><strong>TOP 3 &#8211; Express Car Rental<\/strong><\/h3>\n\n\n\n<p>Express Car Rental to jedna z najbardziej rozpoznawalnych firm w bran\u017cy wynajmu samochod\u00f3w, r\u00f3wnie\u017c w Katowicach. Firma oferuje szeroki wyb\u00f3r samochod\u00f3w, w tym ekonomiczne modele oraz luksusowe auta. Klienci doceniaj\u0105 profesjonaln\u0105 obs\u0142ug\u0119 i szybki proces rezerwacji. Express Car Rental dzia\u0142a zar\u00f3wno na lotnisku, jak i w kluczowych punktach miasta, co u\u0142atwia wynajem mieszka\u0144com i turystom.<\/p>\n\n\n\n<p><strong>Dlaczego warto wybra\u0107 Express Car Rental?<\/strong><\/p>\n\n\n\n<ul class=\"wp-block-list\">\n<li>Profesjonalna obs\u0142uga klienta<\/li>\n\n\n\n<li>Szybka i prosta rezerwacja online<\/li>\n\n\n\n<li>Szeroka oferta pojazd\u00f3w<\/li>\n<\/ul>\n\n\n\n<h3 class=\"wp-block-heading\"><strong>TOP 4 CarFree Katowice<\/strong><\/h3>\n\n\n\n<p>CarFree oferuje <strong>wynajem samochod\u00f3w w Katowicach<\/strong> bez konieczno\u015bci wp\u0142acania kaucji, co przyci\u0105ga wielu klient\u00f3w. Firma posiada punkty odbioru w centrum miasta oraz na lotnisku, a tak\u017ce elastyczne warunki wynajmu zar\u00f3wno na kr\u00f3tki, jak i d\u0142ugi okres. CarFree zdobywa pozytywne opinie za przejrzysto\u015b\u0107 oferty oraz brak ukrytych op\u0142at.<\/p>\n\n\n\n<p><strong>Zalety CarFree:<\/strong><\/p>\n\n\n\n<ul class=\"wp-block-list\">\n<li>Brak kaucji przy wynajmie<\/li>\n\n\n\n<li>Elastyczne warunki wynajmu<\/li>\n\n\n\n<li>Przejrzyste zasady i brak ukrytych koszt\u00f3w<\/li>\n<\/ul>\n\n\n\n<h3 class=\"wp-block-heading\"><strong>TOP 5 &#8211; RentCars wypo\u017cyczalnie samochod\u00f3w Katowice<\/strong><\/h3>\n\n\n\n<p>RentCars to jedna z bardziej znanych wypo\u017cyczalni samochod\u00f3w w Katowicach, oferuj\u0105ca szeroki wyb\u00f3r nowoczesnych aut w atrakcyjnych cenach. Firma posiada punkty odbioru w centrum miasta, na lotnisku i w okolicznych miejscowo\u015bciach. Klienci doceniaj\u0105 \u0142atwy system rezerwacji online oraz przejrzyste warunki wynajmu.<\/p>\n\n\n\n<p><strong>Dlaczego RentCars?<\/strong><\/p>\n\n\n\n<ul class=\"wp-block-list\">\n<li>Nowoczesna flota samochod\u00f3w<\/li>\n\n\n\n<li>Atrakcyjne ceny wynajmu<\/li>\n\n\n\n<li>Dogodne lokalizacje odbioru<\/li>\n<\/ul>\n\n\n\n<h3 class=\"wp-block-heading\"><strong>TOP 6 &#8211; Carnet Katowice<\/strong><\/h3>\n\n\n\n<p>Carnet oferuje szeroki wyb\u00f3r samochod\u00f3w na wynajem \u2013 od ma\u0142ych aut miejskich po wi\u0119ksze samochody dostawcze. Firma jest dobrze znana w Katowicach dzi\u0119ki swoim konkurencyjnym cenom oraz dogodnym lokalizacjom. Carnet wyr\u00f3\u017cnia si\u0119 r\u00f3wnie\u017c elastycznymi warunkami wynajmu oraz profesjonaln\u0105 obs\u0142ug\u0105.<\/p>\n\n\n\n<p><strong>Zalety Carnet:<\/strong><\/p>\n\n\n\n<ul class=\"wp-block-list\">\n<li>Konkurencyjne ceny<\/li>\n\n\n\n<li>Elastyczne opcje wynajmu<\/li>\n\n\n\n<li>Du\u017cy wyb\u00f3r pojazd\u00f3w<\/li>\n<\/ul>\n\n\n\n<h3 class=\"wp-block-heading\"><strong>TOP 7 &#8211; Sixt Katowice<\/strong><\/h3>\n\n\n\n<p>Sixt to mi\u0119dzynarodowa wypo\u017cyczalnia, kt\u00f3ra dzia\u0142a r\u00f3wnie\u017c w Katowicach. Firma oferuje szerok\u0105 gam\u0119 samochod\u00f3w, od ekonomicznych modeli po luksusowe auta premium. Klienci mog\u0105 odbiera\u0107 pojazdy w strategicznych miejscach, takich jak centrum miasta czy lotnisko Katowice-Pyrzowice. Sixt cieszy si\u0119 pozytywnymi opiniami za jako\u015b\u0107 obs\u0142ugi i transparentno\u015b\u0107 warunk\u00f3w wynajmu.<\/p>\n\n\n\n<p><strong>Dlaczego Sixt?<\/strong><\/p>\n\n\n\n<ul class=\"wp-block-list\">\n<li>Mi\u0119dzynarodowa renoma<\/li>\n\n\n\n<li>Szeroki wyb\u00f3r pojazd\u00f3w<\/li>\n\n\n\n<li>Punkty odbioru w strategicznych lokalizacjach<\/li>\n<\/ul>\n\n\n\n<p><\/p>\n\n\n\n<figure data-wp-context=\"{&quot;uploadedSrc&quot;:&quot;https:\\\/\\\/wypozyczalnie-samochodow-katowice.pl\\\/wp-content\\\/uploads\\\/2024\\\/09\\\/jannis-lucas-3_Pm95bUwLg-unsplash.jpg&quot;,&quot;figureClassNames&quot;:&quot;wp-block-image size-large&quot;,&quot;figureStyles&quot;:null,&quot;imgClassNames&quot;:&quot;wp-image-13&quot;,&quot;imgStyles&quot;:null,&quot;targetWidth&quot;:1920,&quot;targetHeight&quot;:1280,&quot;scaleAttr&quot;:false,&quot;ariaLabel&quot;:&quot;Powi\\u0119ksz obrazek: Wypo\\u017cyczalnie samochod\\u00f3w Katowice&quot;,&quot;alt&quot;:&quot;Wypo\\u017cyczalnie samochod\\u00f3w Katowice&quot;}\" data-wp-interactive=\"core\/image\" class=\"wp-block-image size-large wp-lightbox-container\"><img loading=\"lazy\" decoding=\"async\" width=\"1024\" height=\"683\" data-wp-init=\"callbacks.setButtonStyles\" data-wp-on-async--click=\"actions.showLightbox\" data-wp-on-async--load=\"callbacks.setButtonStyles\" data-wp-on-async-window--resize=\"callbacks.setButtonStyles\" src=\"http:\/\/wypozyczalnie-samochodow-katowice.pl\/wp-content\/uploads\/2024\/09\/jannis-lucas-3_Pm95bUwLg-unsplash-1024x683.jpg\" alt=\"Wypo\u017cyczalnie samochod\u00f3w Katowice\" class=\"wp-image-13\" srcset=\"https:\/\/wypozyczalnie-samochodow-katowice.pl\/wp-content\/uploads\/2024\/09\/jannis-lucas-3_Pm95bUwLg-unsplash-1024x683.jpg 1024w, https:\/\/wypozyczalnie-samochodow-katowice.pl\/wp-content\/uploads\/2024\/09\/jannis-lucas-3_Pm95bUwLg-unsplash-300x200.jpg 300w, https:\/\/wypozyczalnie-samochodow-katowice.pl\/wp-content\/uploads\/2024\/09\/jannis-lucas-3_Pm95bUwLg-unsplash-768x512.jpg 768w, https:\/\/wypozyczalnie-samochodow-katowice.pl\/wp-content\/uploads\/2024\/09\/jannis-lucas-3_Pm95bUwLg-unsplash-1536x1024.jpg 1536w, https:\/\/wypozyczalnie-samochodow-katowice.pl\/wp-content\/uploads\/2024\/09\/jannis-lucas-3_Pm95bUwLg-unsplash.jpg 1920w\" sizes=\"(max-width: 1024px) 100vw, 1024px\" \/><button\n\t\t\tclass=\"lightbox-trigger\"\n\t\t\ttype=\"button\"\n\t\t\taria-haspopup=\"dialog\"\n\t\t\taria-label=\"Powi\u0119ksz obrazek: Wypo\u017cyczalnie samochod\u00f3w Katowice\"\n\t\t\tdata-wp-init=\"callbacks.initTriggerButton\"\n\t\t\tdata-wp-on-async--click=\"actions.showLightbox\"\n\t\t\tdata-wp-style--right=\"context.imageButtonRight\"\n\t\t\tdata-wp-style--top=\"context.imageButtonTop\"\n\t\t>\n\t\t\t<svg xmlns=\"http:\/\/www.w3.org\/2000\/svg\" width=\"12\" height=\"12\" fill=\"none\" viewBox=\"0 0 12 12\">\n\t\t\t\t<path fill=\"#fff\" d=\"M2 0a2 2 0 0 0-2 2v2h1.5V2a.5.5 0 0 1 .5-.5h2V0H2Zm2 10.5H2a.5.5 0 0 1-.5-.5V8H0v2a2 2 0 0 0 2 2h2v-1.5ZM8 12v-1.5h2a.5.5 0 0 0 .5-.5V8H12v2a2 2 0 0 1-2 2H8Zm2-12a2 2 0 0 1 2 2v2h-1.5V2a.5.5 0 0 0-.5-.5H8V0h2Z\" \/>\n\t\t\t<\/svg>\n\t\t<\/button><\/figure>\n\n\n\n<p><\/p>\n\n\n\n<h3 class=\"wp-block-heading\"><strong>TOP 8 &#8211; Europcar wypo\u017cyczalnie samochod\u00f3w Katowice<\/strong><\/h3>\n\n\n\n<p>Europcar to kolejna du\u017ca, mi\u0119dzynarodowa wypo\u017cyczalnia samochod\u00f3w, kt\u00f3ra posiada swoje oddzia\u0142y w Katowicach. Firma oferuje r\u00f3\u017cnorodn\u0105 flot\u0119 pojazd\u00f3w oraz elastyczne warunki wynajmu. Klienci ceni\u0105 Europcar za jako\u015b\u0107 obs\u0142ugi oraz szerok\u0105 dost\u0119pno\u015b\u0107 samochod\u00f3w na lotnisku i w centrum miasta.<\/p>\n\n\n\n<p><strong>Dlaczego Europcar?<\/strong><\/p>\n\n\n\n<ul class=\"wp-block-list\">\n<li>R\u00f3\u017cnorodna flota samochod\u00f3w<\/li>\n\n\n\n<li>Profesjonalna obs\u0142uga<\/li>\n\n\n\n<li>Elastyczne warunki wynajmu<\/li>\n<\/ul>\n\n\n\n<h3 class=\"wp-block-heading\"><strong>TOP 9 &#8211; Hertz Katowice<\/strong><\/h3>\n\n\n\n<p>Hertz to kolejna znana marka dzia\u0142aj\u0105ca w Katowicach, oferuj\u0105ca szerok\u0105 gam\u0119 samochod\u00f3w \u2013 od aut kompaktowych po SUV-y i luksusowe modele. Firma oferuje punkty odbioru w dogodnych lokalizacjach, takich jak centrum miasta i lotnisko, a tak\u017ce mo\u017cliwo\u015b\u0107 rezerwacji online. Klienci doceniaj\u0105 Hertz za szybki proces wynajmu i konkurencyjne ceny.<\/p>\n\n\n\n<p><strong>Zalety Hertz:<\/strong><\/p>\n\n\n\n<ul class=\"wp-block-list\">\n<li>Szeroki wyb\u00f3r aut<\/li>\n\n\n\n<li>Dogodne lokalizacje odbioru<\/li>\n\n\n\n<li>Konkurencyjne ceny<\/li>\n<\/ul>\n\n\n\n<h3 class=\"wp-block-heading\"><strong>TOP 10 &#8211; TopCars wypo\u017cyczalnie samochod\u00f3w Katowice<\/strong><\/h3>\n\n\n\n<p>TopCars to lokalna wypo\u017cyczalnia, kt\u00f3ra cieszy si\u0119 dobr\u0105 opini\u0105 w\u015br\u00f3d mieszka\u0144c\u00f3w Katowic. Firma oferuje r\u00f3\u017cnorodne pojazdy w atrakcyjnych cenach oraz elastyczne warunki wynajmu, zar\u00f3wno kr\u00f3tkoterminowego, jak i d\u0142ugoterminowego. Klienci mog\u0105 liczy\u0107 na profesjonaln\u0105 obs\u0142ug\u0119 oraz przejrzyste warunki wynajmu.<\/p>\n\n\n\n<p><strong>Dlaczego TopCars?<\/strong><\/p>\n\n\n\n<ul class=\"wp-block-list\">\n<li>Atrakcyjne ceny<\/li>\n\n\n\n<li>Profesjonalna obs\u0142uga<\/li>\n\n\n\n<li>Szeroka oferta pojazd\u00f3w<\/li>\n<\/ul>\n\n\n\n<h2 class=\"wp-block-heading\"><strong>Wypo\u017cyczalnie samochod\u00f3w Katowice &#8211; jedyny s\u0142uszny wyb\u00f3r<\/strong><\/h2>\n\n\n\n<p><strong>Wypo\u017cyczalnie samochod\u00f3w w Katowicach<\/strong> oferuj\u0105 szeroki wyb\u00f3r aut dostosowanych do r\u00f3\u017cnych potrzeb i bud\u017cet\u00f3w. Niezale\u017cnie od tego, czy potrzebujesz samochodu na kr\u00f3tki wypad, podr\u00f3\u017c s\u0142u\u017cbow\u0105 czy d\u0142ugoterminowy wynajem, w Katowicach znajdziesz wiele opcji. Jednak najlepszym wyborem jest <strong>BEEP.rent<\/strong>, dzi\u0119ki swojej elastycznej ofercie, przejrzystym warunkom wynajmu i szerokiej gamie pojazd\u00f3w. BEEP.rent <a href=\"https:\/\/beep.rent\/oferta\/wypozyczalnia-samochodow-katowice\/\">wypo\u017cyczalnia samochod\u00f3w Katowice<\/a> zapewnia najwy\u017csz\u0105 jako\u015b\u0107 obs\u0142ugi i wygod\u0119, co czyni j\u0105 liderem w\u015br\u00f3d wypo\u017cyczalni w Katowicach.<\/p>\n\n\n\n<p><\/p>\n","protected":false},"excerpt":{"rendered":"<p>Wypo\u017cyczalnie samochod\u00f3w (Katowice) to idealne rozwi\u0105zanie dla os\u00f3b potrzebuj\u0105cych samochodu na wynajem w stolicy G\u00f3rnego \u015al\u0105ska. Katowice, jako jeden z g\u0142\u00f3wnych o\u015brodk\u00f3w biznesowych i turystycznych w Polsce, oferuj\u0105 szeroki wyb\u00f3r wypo\u017cyczalni samochod\u00f3w, kt\u00f3re spe\u0142niaj\u0105 wymagania zar\u00f3wno lokalnych mieszka\u0144c\u00f3w, jak i przyjezdnych. Poni\u017cej prezentujemy ranking TOP 10 wypo\u017cyczalni samochod\u00f3w Katowice, w kt\u00f3rym uwzgl\u0119dnili\u015bmy najlepsze firmy oferuj\u0105ce [&hellip;]<\/p>\n","protected":false},"author":1,"featured_media":11,"parent":0,"menu_order":0,"comment_status":"closed","ping_status":"closed","template":"","meta":{"footnotes":""},"class_list":["post-9","page","type-page","status-publish","has-post-thumbnail","hentry"],"yoast_head":"<!-- This site is optimized with the Yoast SEO plugin v25.6 - https:\/\/yoast.com\/wordpress\/plugins\/seo\/ -->\n<title>Wypo\u017cyczalnie samochod\u00f3w Katowice \u2013 ranking TOP 10 - wypozyczalnie-samochodow-katowice.pl<\/title>\n<meta name=\"description\" content=\"Wypo\u017cyczalnie samochod\u00f3w Katowice \u2013 zobacz nasz ranking i por\u00f3wnaj oferty najlepszych firm wynajmu aut w mie\u015bcie.\" \/>\n<meta name=\"robots\" content=\"index, follow, max-snippet:-1, max-image-preview:large, max-video-preview:-1\" \/>\n<link rel=\"canonical\" href=\"https:\/\/wypozyczalnie-samochodow-katowice.pl\/\" \/>\n<meta property=\"og:locale\" content=\"pl_PL\" \/>\n<meta property=\"og:type\" content=\"article\" \/>\n<meta property=\"og:title\" content=\"Wypo\u017cyczalnie samochod\u00f3w Katowice \u2013 ranking TOP 10 - wypozyczalnie-samochodow-katowice.pl\" \/>\n<meta property=\"og:description\" content=\"Wypo\u017cyczalnie samochod\u00f3w Katowice \u2013 zobacz nasz ranking i por\u00f3wnaj oferty najlepszych firm wynajmu aut w mie\u015bcie.\" \/>\n<meta property=\"og:url\" content=\"https:\/\/wypozyczalnie-samochodow-katowice.pl\/\" \/>\n<meta property=\"og:site_name\" content=\"wypozyczalnie-samochodow-katowice.pl\" \/>\n<meta property=\"article:modified_time\" content=\"2024-09-05T21:37:03+00:00\" \/>\n<meta property=\"og:image\" content=\"https:\/\/wypozyczalnie-samochodow-katowice.pl\/wp-content\/uploads\/2024\/09\/getty-images-CjXDVaZibUw-unsplash.jpg\" \/>\n\t<meta property=\"og:image:width\" content=\"1920\" \/>\n\t<meta property=\"og:image:height\" content=\"1282\" \/>\n\t<meta property=\"og:image:type\" content=\"image\/jpeg\" \/>\n<meta name=\"twitter:card\" content=\"summary_large_image\" \/>\n<meta name=\"twitter:label1\" content=\"Szacowany czas czytania\" \/>\n\t<meta name=\"twitter:data1\" content=\"6 minut\" \/>\n<script type=\"application\/ld+json\" class=\"yoast-schema-graph\">{\"@context\":\"https:\/\/schema.org\",\"@graph\":[{\"@type\":\"WebPage\",\"@id\":\"https:\/\/wypozyczalnie-samochodow-katowice.pl\/\",\"url\":\"https:\/\/wypozyczalnie-samochodow-katowice.pl\/\",\"name\":\"Wypo\u017cyczalnie samochod\u00f3w Katowice \u2013 ranking TOP 10 - wypozyczalnie-samochodow-katowice.pl\",\"isPartOf\":{\"@id\":\"https:\/\/wypozyczalnie-samochodow-katowice.pl\/#website\"},\"primaryImageOfPage\":{\"@id\":\"https:\/\/wypozyczalnie-samochodow-katowice.pl\/#primaryimage\"},\"image\":{\"@id\":\"https:\/\/wypozyczalnie-samochodow-katowice.pl\/#primaryimage\"},\"thumbnailUrl\":\"https:\/\/wypozyczalnie-samochodow-katowice.pl\/wp-content\/uploads\/2024\/09\/getty-images-CjXDVaZibUw-unsplash.jpg\",\"datePublished\":\"2024-08-12T11:07:33+00:00\",\"dateModified\":\"2024-09-05T21:37:03+00:00\",\"description\":\"Wypo\u017cyczalnie samochod\u00f3w Katowice \u2013 zobacz nasz ranking i por\u00f3wnaj oferty najlepszych firm wynajmu aut w mie\u015bcie.\",\"breadcrumb\":{\"@id\":\"https:\/\/wypozyczalnie-samochodow-katowice.pl\/#breadcrumb\"},\"inLanguage\":\"pl-PL\",\"potentialAction\":[{\"@type\":\"ReadAction\",\"target\":[\"https:\/\/wypozyczalnie-samochodow-katowice.pl\/\"]}]},{\"@type\":\"ImageObject\",\"inLanguage\":\"pl-PL\",\"@id\":\"https:\/\/wypozyczalnie-samochodow-katowice.pl\/#primaryimage\",\"url\":\"https:\/\/wypozyczalnie-samochodow-katowice.pl\/wp-content\/uploads\/2024\/09\/getty-images-CjXDVaZibUw-unsplash.jpg\",\"contentUrl\":\"https:\/\/wypozyczalnie-samochodow-katowice.pl\/wp-content\/uploads\/2024\/09\/getty-images-CjXDVaZibUw-unsplash.jpg\",\"width\":1920,\"height\":1282,\"caption\":\"Wypo\u017cyczalnie samochod\u00f3w \u0141\u00f3d\u017a\"},{\"@type\":\"BreadcrumbList\",\"@id\":\"https:\/\/wypozyczalnie-samochodow-katowice.pl\/#breadcrumb\",\"itemListElement\":[{\"@type\":\"ListItem\",\"position\":1,\"name\":\"Strona g\u0142\u00f3wna\",\"item\":\"https:\/\/wypozyczalnie-samochodow-katowice.pl\/\"},{\"@type\":\"ListItem\",\"position\":2,\"name\":\"Wypo\u017cyczalnie samochod\u00f3w Katowice \u2013 ranking TOP 10\"}]},{\"@type\":\"WebSite\",\"@id\":\"https:\/\/wypozyczalnie-samochodow-katowice.pl\/#website\",\"url\":\"https:\/\/wypozyczalnie-samochodow-katowice.pl\/\",\"name\":\"wypozyczalnie-samochodow-katowice.pl\",\"description\":\"Najlepsze wypo\u017cyczalnie aut w Katowicach\",\"potentialAction\":[{\"@type\":\"SearchAction\",\"target\":{\"@type\":\"EntryPoint\",\"urlTemplate\":\"https:\/\/wypozyczalnie-samochodow-katowice.pl\/?s={search_term_string}\"},\"query-input\":{\"@type\":\"PropertyValueSpecification\",\"valueRequired\":true,\"valueName\":\"search_term_string\"}}],\"inLanguage\":\"pl-PL\"}]}<\/script>\n<!-- \/ Yoast SEO plugin. -->","yoast_head_json":{"title":"Wypo\u017cyczalnie samochod\u00f3w Katowice \u2013 ranking TOP 10 - wypozyczalnie-samochodow-katowice.pl","description":"Wypo\u017cyczalnie samochod\u00f3w Katowice \u2013 zobacz nasz ranking i por\u00f3wnaj oferty najlepszych firm wynajmu aut w mie\u015bcie.","robots":{"index":"index","follow":"follow","max-snippet":"max-snippet:-1","max-image-preview":"max-image-preview:large","max-video-preview":"max-video-preview:-1"},"canonical":"https:\/\/wypozyczalnie-samochodow-katowice.pl\/","og_locale":"pl_PL","og_type":"article","og_title":"Wypo\u017cyczalnie samochod\u00f3w Katowice \u2013 ranking TOP 10 - wypozyczalnie-samochodow-katowice.pl","og_description":"Wypo\u017cyczalnie samochod\u00f3w Katowice \u2013 zobacz nasz ranking i por\u00f3wnaj oferty najlepszych firm wynajmu aut w mie\u015bcie.","og_url":"https:\/\/wypozyczalnie-samochodow-katowice.pl\/","og_site_name":"wypozyczalnie-samochodow-katowice.pl","article_modified_time":"2024-09-05T21:37:03+00:00","og_image":[{"width":1920,"height":1282,"url":"https:\/\/wypozyczalnie-samochodow-katowice.pl\/wp-content\/uploads\/2024\/09\/getty-images-CjXDVaZibUw-unsplash.jpg","type":"image\/jpeg"}],"twitter_card":"summary_large_image","twitter_misc":{"Szacowany czas czytania":"6 minut"},"schema":{"@context":"https:\/\/schema.org","@graph":[{"@type":"WebPage","@id":"https:\/\/wypozyczalnie-samochodow-katowice.pl\/","url":"https:\/\/wypozyczalnie-samochodow-katowice.pl\/","name":"Wypo\u017cyczalnie samochod\u00f3w Katowice \u2013 ranking TOP 10 - wypozyczalnie-samochodow-katowice.pl","isPartOf":{"@id":"https:\/\/wypozyczalnie-samochodow-katowice.pl\/#website"},"primaryImageOfPage":{"@id":"https:\/\/wypozyczalnie-samochodow-katowice.pl\/#primaryimage"},"image":{"@id":"https:\/\/wypozyczalnie-samochodow-katowice.pl\/#primaryimage"},"thumbnailUrl":"https:\/\/wypozyczalnie-samochodow-katowice.pl\/wp-content\/uploads\/2024\/09\/getty-images-CjXDVaZibUw-unsplash.jpg","datePublished":"2024-08-12T11:07:33+00:00","dateModified":"2024-09-05T21:37:03+00:00","description":"Wypo\u017cyczalnie samochod\u00f3w Katowice \u2013 zobacz nasz ranking i por\u00f3wnaj oferty najlepszych firm wynajmu aut w mie\u015bcie.","breadcrumb":{"@id":"https:\/\/wypozyczalnie-samochodow-katowice.pl\/#breadcrumb"},"inLanguage":"pl-PL","potentialAction":[{"@type":"ReadAction","target":["https:\/\/wypozyczalnie-samochodow-katowice.pl\/"]}]},{"@type":"ImageObject","inLanguage":"pl-PL","@id":"https:\/\/wypozyczalnie-samochodow-katowice.pl\/#primaryimage","url":"https:\/\/wypozyczalnie-samochodow-katowice.pl\/wp-content\/uploads\/2024\/09\/getty-images-CjXDVaZibUw-unsplash.jpg","contentUrl":"https:\/\/wypozyczalnie-samochodow-katowice.pl\/wp-content\/uploads\/2024\/09\/getty-images-CjXDVaZibUw-unsplash.jpg","width":1920,"height":1282,"caption":"Wypo\u017cyczalnie samochod\u00f3w \u0141\u00f3d\u017a"},{"@type":"BreadcrumbList","@id":"https:\/\/wypozyczalnie-samochodow-katowice.pl\/#breadcrumb","itemListElement":[{"@type":"ListItem","position":1,"name":"Strona g\u0142\u00f3wna","item":"https:\/\/wypozyczalnie-samochodow-katowice.pl\/"},{"@type":"ListItem","position":2,"name":"Wypo\u017cyczalnie samochod\u00f3w Katowice \u2013 ranking TOP 10"}]},{"@type":"WebSite","@id":"https:\/\/wypozyczalnie-samochodow-katowice.pl\/#website","url":"https:\/\/wypozyczalnie-samochodow-katowice.pl\/","name":"wypozyczalnie-samochodow-katowice.pl","description":"Najlepsze wypo\u017cyczalnie aut w Katowicach","potentialAction":[{"@type":"SearchAction","target":{"@type":"EntryPoint","urlTemplate":"https:\/\/wypozyczalnie-samochodow-katowice.pl\/?s={search_term_string}"},"query-input":{"@type":"PropertyValueSpecification","valueRequired":true,"valueName":"search_term_string"}}],"inLanguage":"pl-PL"}]}},"_links":{"self":[{"href":"https:\/\/wypozyczalnie-samochodow-katowice.pl\/index.php?rest_route=\/wp\/v2\/pages\/9"}],"collection":[{"href":"https:\/\/wypozyczalnie-samochodow-katowice.pl\/index.php?rest_route=\/wp\/v2\/pages"}],"about":[{"href":"https:\/\/wypozyczalnie-samochodow-katowice.pl\/index.php?rest_route=\/wp\/v2\/types\/page"}],"author":[{"embeddable":true,"href":"https:\/\/wypozyczalnie-samochodow-katowice.pl\/index.php?rest_route=\/wp\/v2\/users\/1"}],"replies":[{"embeddable":true,"href":"https:\/\/wypozyczalnie-samochodow-katowice.pl\/index.php?rest_route=%2Fwp%2Fv2%2Fcomments&post=9"}],"version-history":[{"count":2,"href":"https:\/\/wypozyczalnie-samochodow-katowice.pl\/index.php?rest_route=\/wp\/v2\/pages\/9\/revisions"}],"predecessor-version":[{"id":19,"href":"https:\/\/wypozyczalnie-samochodow-katowice.pl\/index.php?rest_route=\/wp\/v2\/pages\/9\/revisions\/19"}],"wp:featuredmedia":[{"embeddable":true,"href":"https:\/\/wypozyczalnie-samochodow-katowice.pl\/index.php?rest_route=\/wp\/v2\/media\/11"}],"wp:attachment":[{"href":"https:\/\/wypozyczalnie-samochodow-katowice.pl\/index.php?rest_route=%2Fwp%2Fv2%2Fmedia&parent=9"}],"curies":[{"name":"wp","href":"https:\/\/api.w.org\/{rel}","templated":true}]}}